2) + m/(-8)?
3
Suppose -2 = -2*h - 0, 3*h + 1052 = 5*d. What is the hundreds digit of d?
2
Suppose 5*r - 6 = 4. Let w(y) = y**2 - y + 2. Let f be w(r). Suppose -f*q - 3*m = -29, -2*q - 5*m = -0 - 11. What is the units digit of q?
8
Suppose 7*m - 9*m = -2. What is the units digit of m?
1
Let o(k) = k + 3. Let r be o(-4). Let a = 2 + r. What is the units digit of a?
1
Suppose -5*g = 5*r - 820, 2*r + 494 = 5*r + g. What is the hundreds digit of r?
1
Let p be (30/25)/((-1)/5). Let f be (2/p)/(4/(-132)). What is the tens digit of -2 + -1 + f - -2?
1
Let q = 17 - 12. What is the units digit of (-5)/(q/(-12)) + -2?
0
Let f(b) = b**3 - 2*b**2 - b - 3. Let r = 3 - 0. What is the units digit of f(r)?
3
Let b be -2 - (0/(-2) - 19). Let y = b + -10. What is the units digit of y?
7
Let c = 47 + 37. What is the units digit of c?
4
Suppose 5*g = -2*x + 125, -4*g + x - 34 = -134. What is the tens digit of g?
2
Let g(d) = -d**3 + 6*d**2 + 6*d + 10. Let b be g(7). Suppose 2*y + 0*y = -b*v + 23, -y + 17 = -4*v. What is the units digit of y?
3
What is the units digit of 150/14 - 12/(-42)?
1
Let d(g) = 4*g**3 + 2*g**2 - g - 2. Let n(k) = k**3 - 6*k**2 + 2. Let j be n(6). What is the tens digit of d(j)?
3
Let p(j) = -3*j + 2*j + 4 - 5. Let i be p(-8). Let c = i - 3. What is the units digit of c?
4
Suppose -3*g + 30 = -c, -g - 3*c + 1 + 9 = 0. Let d be (4/10)/(2/g). Let z(y) = 2*y - 1. What is the units digit of z(d)?
3
What is the hundreds digit of 113 + (-13)/5 + (-15)/(-25)?
1
What is the units digit of 47*2 - (-12 - -16)?
0
Let p(q) = -5*q - 1. Let w be p(-1). Let z = 15 - w. Suppose u - z = 5. What is the tens digit of u?
1
Suppose -5*n = 47 - 232. Let k = n - 8. What is the tens digit of k?
2
Let r(l) = l**2 - 21 + 13 + l - 6*l. Let i be r(6). What is the units digit of i + 1/((-3)/(-15))?
3
Let c = 92 + -48. Let t = c + -31. What is the units digit of t?
3
Let b(d) = -d**2 + 7*d - 7. Let y be b(6). Let f = y + 4. Suppose 0 = -2*v + 4*p + 20, p + 8 = -f*p. What is the units digit of v?
6
Suppose 0 = 2*c - 81 - 15. Suppose 3*m = m, -4*x - 2*m + c = 0. What is the tens digit of x?
1
What is the units digit of 130/110 - (-4)/(-22)?
1
Suppose 0 = 3*p - 5*a - 109 - 65, -3*a + 97 = 2*p. What is the units digit of p?
3
Suppose 2*r + 6*p = p + 59, -r + 27 = 2*p. What is the units digit of r?
7
Let q(u) = -u**2 - u + 5. Let c be q(0). Suppose c*w + 13 = 98. Let l = -10 + w. What is the units digit of l?
7
Let u(i) = -5*i**3 - 11*i**2 - 8*i - 3. Let t(l) = 13*l**3 + 4 + 0 + 32*l**2 + 23*l + l**3 + 5. Let q(w) = 4*t(w) + 11*u(w). What is the tens digit of q(-6)?
1
What is the units digit of 1/6 + (-1510)/(-12)?
6
Let r(o) = o**3 - 2*o**2 - 13*o - 1. What is the units digit of r(6)?
5
Suppose 3*l + 88 = 4*r, r + 83 = 4*r + 2*l. What is the units digit of r?
5
What is the hundreds digit of (-48)/(-7)*(-3 + 31)?
1
Let c(y) be the second derivative of -y**5/20 - 3*y**4/4 - 4*y**3/3 + 3*y**2 - 3*y. Let n be c(-8). Let g = -5 + n. What is the units digit of g?
1
Suppose -t - 3 = -4*t. Let u = -6 - -8. Let m = u + t. What is the units digit of m?
3
Let y(a) = -a - 3. Let q be y(-6). Suppose -f = q*l - 22, -24 = -l + f + 2*f. What is the units digit of l?
9
Let w be -1*(-10 + 0/(-2)). Suppose -3*j = 2*j. Suppose j*t = -5*t + w. What is the units digit of t?
2
Suppose -4*g = -2 - 6. Suppose -g*b = -0*b + 36. Let m = b - -32. What is the units digit of m?
4
Let c be 2 - 7*(-3)/3. Let j = -7 + c. Suppose j*m = -2*m + 4. What is the units digit of m?
1
Let d be (-8)/28 + 60/14. Suppose d*q + 2 + 2 = 0. What is the units digit of ((-32)/20)/(q/5)?
8
Let h = 1 + 0. Suppose 0 = -2*f - h + 9. Suppose 0 = f*s - 2*y - 2 - 28, -5*y = 5*s - 75. What is the tens digit of s?
1
Suppose 2*n - 562 = -3*b, -3*b + 4*n = -0*b - 586. What is the units digit of b/25 - (-4)/10?
8
Let j(y) = y**3 + 7*y**2 - y - 7. Let w be j(-7). What is the units digit of w + 3 + -9 + 7?
1
What is the units digit of 48/9 + 16/24?
6
Let l(s) = s**3 - 5*s**2 + 7*s - 1. Suppose 2 = -j + 7. What is the tens digit of l(j)?
3
Suppose -5*o + o + 37 = r, -o - 148 = -4*r. Suppose r = 4*d + 1. What is the units digit of d?
9
Let a be -16*(-1)/4*-3. Let q = a - -17. Suppose 5*s + 0 = q. What is the units digit of s?
1
Let h(g) = -49*g - 4. What is the units digit of h(-3)?
3
Let o(f) = f**3 - 7*f**2 - 11*f - 21. What is the hundreds digit of o(10)?
1
Suppose -411 + 15 = -3*x. Suppose -j = -w - 24, -4*w + 5*w = -5*j + x. What is the units digit of j?
6
Let o be 12/2*(-4)/(-6). Suppose -o*u = u - 30. What is the units digit of u?
6
Let n = 11 + -4. Suppose -3*x + n + 17 = 0. What is the units digit of x?
8
Suppose 5*k = 106 + 109. What is the units digit of k?
3
Let v(l) = 2*l - 10. Let d be v(8). Suppose 2*h - d = 16. What is the tens digit of h?
1
Let d = -1 - 1. Let y be 0/(((-2)/d)/(-1)). Suppose -3*q + 5*q - 10 = y. What is the units digit of q?
5
Let j = 21 + -13. What is the units digit of j?
8
Let r(i) = -2*i**2 + 3*i. Let b(j) = -j**3 - 5*j**2 + 7*j. Let q(s) = 3*b(s) - 7*r(s). Let o be q(-1). Let d = o + 5. What is the units digit of d?
7
Let q = -5 - -2. Let l be (-2)/(3/(63/q)). Let r = 32 - l. What is the tens digit of r?
1
Let i = -4 + 4. Let u(z) = i + 4*z**2 + 3*z + z**3 - z**2 + 3. What is the units digit of u(-2)?
1
Let s = 202 - 66. What is the tens digit of s?
3
What is the units digit of (-9)/4*24/(-9)?
6
Let w(b) be the second derivative of -11*b**3/6 + 2*b**2 + 2*b. What is the units digit of w(-2)?
6
Let t(g) = -7*g**2 + 12*g - 11. Let b(o) = -3*o**2 + 6*o - 5. Let z(x) = 5*b(x) - 2*t(x). What is the units digit of z(5)?
2
What is the tens digit of (-6 - -4)*44/(-2)?
4
Suppose 4*d - 150 = 2*d. What is the units digit of d?
5
Let c(h) = -27*h - 4. What is the units digit of c(-3)?
7
Suppose 12 = 4*z, z + 41 = c - 0*z. Suppose -2*w = -4*q - c - 0, -w - 5 = q. Let g = -1 - q. What is the units digit of g?
8
Suppose 0 = -5*t + 4*t - 3*o + 1, 5*t = 2*o + 22. Suppose -n = 2*v - 1 + 4, -3*n = -t*v + 9. What is the units digit of n/(-1) - (5 - 5)?
3
Let x be (-1)/((-9)/6 + 1). Suppose -4*s - 2*w = -x, 2*s - w - 1 + 2 = 0. Let t = 5 + s. What is the units digit of t?
5
Let b = -4 - -5. Suppose -d = b - 11. What is the units digit of d?
0
Let w = -4 + -1. Let b be 1 + 0 - (w - 0). Suppose -4*y = -b - 10. What is the units digit of y?
4
Let u be (-52)/(-12) - (-4)/6. Suppose 0 = 2*n - u - 5. Suppose 2*v - 6*v - 1 = -3*m, 4*v + 15 = n*m. What is the units digit of m?
7
Let k(s) = s. Let p be k(5). Suppose -p*a + 8 = -a. Suppose a*h + 0*h - 36 = 0. What is the tens digit of h?
1
Suppose 0*k - 225 = -5*k. What is the units digit of k?
5
Let k(u) = u**3 + 3*u**2 - 5*u. Let q be 0/3 + (-6 - -2). What is the units digit of k(q)?
4
Let j(g) = 3*g**2 - 59*g + 31. What is the hundreds digit of j(24)?
3
Suppose 2*y + y - 3*t = 228, 0 = -4*y + t + 301. What is the tens digit of y?
7
Suppose -3*q + 187 = 2*j, q - 18 = -5*j + 40. What is the tens digit of q?
6
Let d = 205 - 142. What is the tens digit of d?
6
What is the units digit of (75/(-45))/(3/(-450))?
0
Suppose -3*z + 11 = -37. Suppose 0*l + z = -4*l. What is the units digit of (-6)/8*l*3?
9
Suppose -83 + 29 = -3*d. What is the units digit of d/(-12)*(-4 - -2)?
3
Suppose 4*r - 3*d - 240 = -2*d, 3*r = 5*d + 163. What is the tens digit of r?
6
Suppose 6*l - 120 = 4*l. What is the units digit of l?
0
Suppose -8*y = -781 - 771. What is the tens digit of y?
9
Let a = -15 + 143. What is the tens digit of a?
2
Let q = 41 - 29. What is the units digit of q?
2
Let h be (-16)/(-6)*6/4. Let g = 4 - h. Suppose -4*x = -b - 32, 0*x + 2*x + 2*b - 6 = g. What is the units digit of x?
7
Suppose 35 + 9 = 4*l - 4*t, 5*l - 5 = -5*t. Suppose 0 = -f - 3*k + 12, -5*f - 2*k + l*k + 98 = 0. What is the tens digit of f?
1
Let x = 29 + 1. What is the units digit of x?
0
Suppose f - 29 - 24 = 0. What is the units digit of f?
3
Let m be (-160)/(-6) - 6/9. Suppose 0 = -t - t + m. What is the units digit of t?
3
Suppose 64 = 3*n - 146. What is the units digit of n?
0
Let l(k) = k - 1. Let m be l(-3). Let q(d) be the first derivative of d**3/3 - 3*d - 4. What is the tens digit of q(m)?
1
Let d(v) = -7*v**2 + 5*v - 11. Let c(r) = -4*r**2 + 2*r - 6. Let h(a) = -5*c(a) + 3*d(a). What is the units digit 